 + 2. Suppose -7*x + 8*x - 4 = 0. Suppose 0 = 2*q + x*j - 4, -5*q + 4*j = j - 36. Let i = q - 9. Give p(i).
-4
Let j(u) = u**3 - 7*u**2 + u + 10. Let x be (173 - 164)/((-9)/(-5)). Determine j(x).
-35
Suppose -5*t = 206 - 136. Let w(a) = a**3 + 13*a**2 - 15*a - 5. What is w(t)?
9
Let d(p) = -3*p - 21. Let i be d(-6). Let g be i*(-2)/((-18)/(-15)). Let w(u) = 6*u + u**2 + 1 + g*u - 11*u. What is w(1)?
2
Suppose -3*a = 5*d - 18, 3*a + 12 = 7*d - 2*d. Suppose 1 = -w + 3*p + d, -w + p - 2 = 0. Let x(l) = -l**2 - 5*l - 2. Determine x(w).
2
Let r = 126 + -117. Let b(l) = 11*l**2 + 9*l**2 - 4*l - r - 19*l**2. Give b(9).
36
Let f(l) be the third derivative of l**6/120 - 4*l**5/15 + l**4/8 + 10*l**3/3 + 2*l**2 - 598. Calculate f(16).
68
Suppose 0*y = -3*y + 3. Suppose 2*p = -k - 5, -3*k - 4*p + 5 = 2*k. Let g(c) = 4 + 15 - 18 + k*c. What is g(y)?
6
Let n(m) = 2*m - 6*m**2 + 2*m - 19 - 3*m**3 - 8*m**2. Let o(t) = -2*t**3 - 9*t**2 + 3*t - 13. Let s = -357 + 352. Let i(y) = s*n(y) + 7*o(y). Give i(-7).
-3
Let h(c) = 129104*c**2 + 6 - 129079*c**2 - 32*c + 26. Give h(1).
25
Let q(b) = 18*b**3 + b - b**2 + 2*b**2 + 11*b**3. Let r be (4 - -1) + (-1044)/204 + (10125/459)/(-25). Give q(r).
-29
Suppose 2*t - 5*n + 2 = 1, -3*n = 5*t - 13. Let b(y) = -2 - y + 7 + t*y + 0*y. What is b(-6)?
-1
Suppose -5*z - d + 21 = 0, 2*z + 3*d - 8 = 16. Let y(i) be the second derivative of i**z - 1/12*i**4 - 13*i + 1/2*i**2 + 0. Give y(6).
1
Let a be -26 - (0 + -23 + 1). Let u(i) = -i**2 + 4*i + 21. Calculate u(a).
-11
Let z = -774 - -834. Let p be 4/2*z/(-24). Let d(y) = -y**2 - 7*y + 6. Give d(p).
16
Let z(p) = -123*p + 1479. Let d be z(12). Let g(w) be the first derivative of -1/4*w**4 - 12*w + w**2 + 8/3*w**d - 13. Give g(8).
4
Let b(t) = 2*t - 2*t**2 - 7*t**2 - 13 - 28*t**2 + 42*t**2 - 4*t**2. What is b(0)?
-13
Let x(k) = -k**3 - 16. Let j be ((-1)/(-2))/(15883/2268 - 7). Let r = j + -162. Determine x(r).
-16
Let m(g) = -1106 + 12*g + 816 + 298. What is m(-3)?
-28
Let d(n) = 5*n - 4. Let z(x) = -31*x + 1. Let g(q) = 46*q - 3. Let f(m) = -5*g(m) - 7*z(m). Let a(b) = 5*d(b) + 2*f(b). Calculate a(-13).
9
Suppose 2*b + 2 = -4, 0 = 4*q + 3*b - 39. Suppose 12 = 16*o + q. Let l(t) = -t**3 - t + 5. Calculate l(o).
5
Let m(x) be the first derivative of -x**5/20 + 5*x**4/4 - 7*x**3/3 + x**2/2 - 87*x - 99. Let g(w) be the first derivative of m(w). What is g(14)?
1
Let p(s) be the second derivative of -7*s**3/6 + 3*s**2 - 15*s. Let l be p(2). Let g(a) = -a. Let v(o) = -o**2 - 6*o. Let d(w) = 2*g(w) + v(w). Determine d(l).
0
Let w(q) = 329 + 105*q + 226 + 670 - 20*q - 721. What is w(-6)?
-6
Let t(u) = -2*u**2 - 10*u + 2. Suppose m - 1 = 0, -4*n + 2*m = 4*m - 126. Suppose 10*q - n*q = 105. Give t(q).
2
Let x be (-3 - -4)/((-2)/(-20)) - 2. Suppose 6*z - l = x*z - 6, 14 = 4*z + 3*l. Let u(w) = 4*w + 1. Give u(z).
9
Let g(o) = -o**2 - 12*o - 13. Let q be g(-2). Let c(w) = w**3 - w - 5. Let j(s) = s**3 + s**2 - 7. Let d(h) = 7*c(h) - 6*j(h). Give d(q).
7
Let n(r) = -2*r - 7. Suppose -20*a + 34 = -3*a. Suppose 4*l + 3*p + 0 - 20 = 0, -a*p + 8 = 2*l. What is n(l)?
-23
Let t be (-1 - 4) + (-6)/36*6. Let x(c) = -c**2 - 9*c - 21. What is x(t)?
-3
Let u(s) = s**2 - 8*s + 2. Let a be u(8). Let t(b) = 10*b - 74. Let o(q) = 3*q - 24. Let v(f) = a*t(f) - 7*o(f). What is v(6)?
14
Let y(j) = 375906*j - 751808*j + 1 + 375901*j. Suppose 0 = 2*u - 5 + 1. Suppose -m + 30 = 5*r + 3, -3*m - u*r + 16 = 0. Determine y(m).
-1
Suppose 19*y + 20*y - 429 = 0. Let w(b) = 3*b - 25. Let n(c) = -c + 9. Let s(x) = -8*n(x) - 3*w(x). Give s(y).
-8
Suppose g + 4*v = 3*g - 14, -2*v + 35 = 5*g. Let x(a) be the second derivative of a**4/12 - 5*a**3/6 - 3*a**2/2 - 63*a - 65. Determine x(g).
11
Let w(n) be the third derivative of n**6/120 - n**5/30 + 5*n**4/24 - n**3 - 11960*n**2. Calculate w(2).
4
Let v(f) = -296297 - 12*f**2 - 16*f + 592561 - 4*f**3 + 5*f**3 - 2*f**3 - 296281. Give v(-11).
38
Let a(g) = g**3 - 9*g**2 - 15*g + 24. Suppose 0 = -4*p + 20, 7*x - 6 = 4*p + 44. What is a(x)?
-26
Let a(m) = -3*m**2 + 85*m + 51. Suppose g - 24 = -744*x + 745*x, 0 = g - 4*x - 9. Calculate a(g).
-7
Let w = 2413 + -2418. Let o(n) = 20*n + 86. What is o(w)?
-14
Let t(n) = 4 - n**2 + 18 - 4*n - 6 + 7. Determine t(4).
-9
Suppose -153 = -t - 0*d + 5*d, -5*t + 736 = 4*d. Let r = t + -146. Let g(u) = u**2 - 1. What is g(r)?
3
Let v(r) = -8*r**2 - 12*r**3 + 13*r**3 + 1 - r + 0 + 1. Let n = 82 - 74. Calculate v(n).
-6
Let v = -12115 + 12114. Let s(z) = z**2 - 6*z**3 - 8*z**3 + z - z**3. Calculate s(v).
15
Let b(d) = 6*d**2 + 69*d + 82. Let j be b(-10). Let m(q) = q**2 - q - 55. Calculate m(j).
17
Let a(l) = 3*l - 101. Let y(m) = -2*m + 151. Let g(x) = -4*a(x) - 3*y(x). What is g(-5)?
-19
Let s(r) = r**3 - 11*r**2 - 12*r - 25. Suppose -167 = -62*g + 42*g + 73. What is s(g)?
-25
Let p(d) = 8*d - 16. Let y = -10249 + 10254. Determine p(y).
24
Let l(y) be the third derivative of -y**6/240 + 11*y**4/24 - 14*y**2. Let w(x) be the second derivative of l(x). What is w(-6)?
18
Let q(a) = -a**2 - 9*a - 5. Let d be q(-8). Suppose -d*k - 40 = k. Let p(v) = v**3 + 11*v**2 + 11*v + 15. What is p(k)?
5
Let x(z) = -4*z + 2. Let a = -1166 + 1167. Calculate x(a).
-2
Let m(i) = i**2 + 6*i - 8. Let j(g) be the second derivative of g**3/3 - 3*g**2/2 + 13*g. Let x be j(2). Let u be (1 - -13)/((x - -5)/(-3)). Give m(u).
-1
Let z = 3323 + -3321. Let j(a) = -2*a**2 + 6*a - 2. Determine j(z).
2
Let x be 33/2 + 60/40. Suppose -7 = -x*o + 11. Let r(l) = l**3 + l**2 - l + 1. What is r(o)?
2
Suppose 0 - 15 = 3*q. Let p(r) be the first derivative of r**4/12 + 7*r**3/6 + 351*r**2/2 + 204. Let n(g) be the second derivative of p(g). Determine n(q).
-3
Suppose -1 + 95 = 22*q - 16. Let g(s) = 5*s + 7. Let y(b) = -b. Let t be ((-16)/(-20))/((-4)/(-30)). Let f(z) = t*y(z) + g(z). Give f(q).
2
Let m(w) = -32*w**2 - 223*w + 3. Let z be m(-7). Let h(g) = -2*g**3 - 2*g**2 + 14*g + 10. Calculate h(z).
50
Suppose 2*t - 231 + 69 = w, 633 = -4*w + 3*t. Let b = w - -158. Let h(z) = -z + 2. Give h(b).
0
Let m(z) = -5*z - 13105 + z - 7*z - 2*z**2 + 13105. Give m(-5).
5
Let u(m) be the third derivative of -5*m**4/12 + 131*m**3/6 - 1883*m**2 - m. Determine u(15).
-19
Let y(v) = -3*v + 2. Suppose -7*j = -3*j + 4. Let p be y(j). Let o(t) = -t + 13*t - 16*t + 3*t + 0*t. Calculate o(p).
-5
Let i(a) = -35*a**2 + 6. Let q(c) = 7*c**2 - 1. Let r(k) = -2*i(k) - 11*q(k). Let x = 12 - 7. Let v be (-4)/(-10)*x - 1. What is r(v)?
-8
Suppose l - 12 = f, 44 = -2*l + 7*l - f. Let c(m) = 5*m + l*m - 4 - 12*m + 1. Calculate c(-8).
-11
Let n(x) = -x**2 + 29*x - 144. Let v = 12058 - 12035. Determine n(v).
-6
Let x(s) be the first derivative of -s**2 + 1/4*s**4 + 2/3*s**3 + 96 - 6*s. Give x(-4).
-30
Let d(z) = 2*z - 8*z**2 - 112*z**3 - 29 + 111*z**3 + 25. Give d(-7).
-67
Let u(d) = 9*d**2 - 48*d + 8. Suppose 156788 - 156793 = -y. Determine u(y).
-7
Suppose 4*g + 4 = -2*n, 0*n = 3*g + 3*n + 6. Suppose g = -2*q + 6, f - 5*q - 4 = -4*q. Let u(v) = v**2 - 5*v - 7. Determine u(f).
7
Let h(v) be the second derivative of v**5/20 + v**4 + v**3/6 + 15*v**2/2 - 17813*v. Let x = -36 + 24. Calculate h(x).
3
Let u(t) = t. Let q(k) = -4*k + 7. Let v(d) = 4*d - 8. Let x(h) = 7*q(h) + 6*v(h). Let f(r) = 3*u(r) + x(r). Let i = 19 + -13. Determine f(i).
-5
Suppose 13*t + 5 = -112. Let o(d) = 8*d - 28. Let f(g) = 3*g - 9. Suppose m + 2 = 0, 0 = w - 4*m - 4. Let a(v) = w*o(v) + 11*f(v). Calculate a(t).
4
Suppose 0 = 4*m + 3*q + 9, -62*m + 60*m - 29 = 5*q. Let s(u) = 5*u - 15. Calculate s(m).
0
Suppose 3*w + 2*w - 2*w = 0. Let j(h) = w*h - 11 - 4 + 17 + h. Calculate j(3).
5
Suppose 563 = 6*p + 593. Let k(a) = -a**3 - 6*a**2 - a - 4. Determine k(p).
-24
Let u(z) = 6*z**3 - 27*z**2 + 140*z + 14. Let p(f) = 5*f**3 - 25*f**2 + 115*f + 15. Let j(x) = -5*p(x) + 4*u(x). Determine j(16).
-3
Let k(g) be the second derivative of g**5/20 - g**4/6 + g**3/3 + g**2 - 246*g - 3. Suppose -20 + 5 = -5*z. Calculate k(z).
17
Let t(i) = -31*i**2 - i + 14. Let h(w) = -11*w**2 + 5. Let q(c) = -17*h(c) + 6*t(c). Let g(l) = -l**2 + 5*l + 2. Let z(o) = -3*g(o) - 2*q(o). Give z(4).
0
Let q(y) = -3*y**2 - 28*y - 8. Let l be q(-9). Let k(w) = -2*w + 4. Let a be (12/5)/(3/30*4). Let g(c) = 1. Let s(t) = a*g(t) + l*k(t). What is s(8)?
-6
Let m(b) be the second 